c?
-87
In base 11, what is -115 + 7?
-109
In base 5, what is 1122 + 24?
1201
In base 3, what is 110 - 200?
-20
In base 4, what is -11 - 102310?
-102321
In base 4, what is -201 + -20?
-221
In base 2, what is 1001 + -11011?
-10010
In base 3, what is -202020110 + -2?
-202020112
In base 13, what is -3 + -31?
-34
In base 9, what is 27 + -5?
22
In base 5, what is 1131 - 344?
232
In base 2, what is 100 - -111001?
111101
In base 9, what is -5 + 14?
8
In base 16, what is 0 - f?
-f
In base 12, what is 3 + -223?
-220
In base 7, what is -334 - 3?
-340
In base 2, what is 1001110001 - -1?
1001110010
In base 10, what is 0 - -79?
79
In base 9, what is 17 - 1?
16
In base 10, what is -26 - 422?
-448
In base 4, what is -1221 - 1?
-1222
In base 12, what is -10 + -56?
-66
In base 9, what is -78 + -1?
-80
In base 13, what is 53 + -3?
50
In base 2, what is -101 - 10100111?
-10101100
In base 8, what is 7245 - -3?
7250
In base 9, what is -2 + -373?
-375
In base 15, what is 0 - 43?
-43
In base 7, what is 4 - 1512?
-1505
In base 4, what is 102111 - -21?
102132
In base 16, what is 371 + -4?
36d
In base 10, what is 0 - 11?
-11
In base 3, what is -10 - 200120?
-200200
In base 10, what is 5 + 44?
49
In base 15, what is 184d + 1?
184e
In base 12, what is 3 + -1a9?
-1a6
In base 3, what is 10012101 - -12?
10012120
In base 13, what is -9 - 9?
-15
In base 3, what is 1001 + 0?
1001
In base 8, what is 154 + -5?
147
In base 8, what is 743 - -22?
765
In base 6, what is 23 - -141?
204
In base 16, what is 3 - -5?
8
In base 2, what is -1010001110 - 10?
-1010010000
In base 11, what is 610 + -2?
609
In base 4, what is 203 + -11?
132
In base 4, what is 1122112 - -11?
1122123
In base 16, what is e + 1?
f
In base 5, what is -10 - 113?
-123
In base 6, what is -51 + 113?
22
In base 15, what is -5 + -43?
-48
In base 13, what is -c - 147?
-156
In base 14, what is 26 - 0?
26
In base 4, what is 103203 - 120?
103023
In base 10, what is 4 - -10?
14
In base 7, what is 2024 + -102?
1622
In base 2, what is 110010111110 - 0?
110010111110
In base 14, what is -7a8 - -4?
-7a4
In base 3, what is 12 - -222111?
222200
In base 9, what is 32 + -10?
22
In base 9, what is 4 + -126?
-122
In base 7, what is -256 + 3?
-253
In base 5, what is -11223 - 3?
-11231
In base 14, what is 5b + -b?
50
In base 2, what is -100 - -10011000000?
10010111100
In base 15, what is -68 - 2?
-6a
In base 5, what is 101 - 31?
20
In base 13, what is -2 + 1a?
18
In base 13, what is -b - -5c7?
5b9
In base 14, what is 434 - -7?
43b
In base 7, what is -55 + 4?
-51
In base 6, what is 513 - 0?
513
In base 3, what is -2 - 2022?
-2101
In base 15, what is -1a - b?
-26
In base 16, what is -2 + -21?
-23
In base 7, what is -5 + -2?
-10
In base 15, what is -9a7 - 0?
-9a7
In base 7, what is -1405 + -1?
-1406
In base 10, what is -1729 + 2?
-1727
In base 6, what is 0 - 40355?
-40355
In base 5, what is 3344 - -1?
3400
In base 11, what is 39 - 143?
-105
In base 7, what is 314 - 0?
314
In base 15, what is -78d + -5?
-793
In base 12, what is 1 + -40?
-3b
In base 15, what is 14 + e?
23
In base 12, what is 5 + 11?
16
In base 4, what is -1311 + -331?
-2302
In base 13, what is 22 - 2a?
-8
In base 6, what is 152 - 0?
152
In base 2, what is -101 + 1001?
100
In base 8, what is 3171 - 1?
3170
In base 11, what is 510 - 2?
509
In base 16, what is 54 + 11?
65
In base 4, what is 1 + 1001?
1002
In base 4, what is 21 + -23?
-2
In base 6, what is -1 - -131?
130
In base 7, what is 46 - -54?
133
In base 12, what is 36 - -1a?
54
In base 14, what is -2 + -407?
-409
In base 9, what is -1 + 32?
31
In base 6, what is -3 + -4144?
-4151
In base 15, what is 452 + -11?
441
In base 13, what is 0 + 6?
6
In base 2, what is 1011101111010 - 11?
1011101110111
In base 7, what is -11 - 155?
-166
In base 8, what is -15 + -21?
-36
In base 14, what is -3c + 2?
-3a
In base 16, what is -4e + -7?
-55
In base 16, what is 3dc - -f?
3eb
In base 16, what is -55 - 3e?
-93
In base 13, what is -5 + -2b?
-33
In base 16, what is 5 - 2ae?
-2a9
In base 14, what is -1 + 127?
126
In base 2, what is 0 - -1000100?
1000100
In base 4, what is 2102 - -1?
2103
In base 7, what is -121 + 246?
125
In base 16, what is -b + -22f?
-23a
In base 12, what is -4 - 5ab?
-5b3
In base 14, what is 692 - 0?
692
In base 9, what is -28 + 112?
73
In base 6, what is -14212 - -5?
-14203
In base 5, what is 4 - -10040?
10044
In base 13, what is -b + 445?
437
In base 10, what is 143 + 39?
182
In base 12, what is -6 + 36?
30
In base 11, what is 2 + -119?
-117
In base 14, what is 24 + 2?
26
In base 9, what is -253 - 5?
-258
In base 5, what is 10 - 2013?
-2003
In base 13, what is 5 + 7a2?
7a7
In base 13, what is -3bc + -4?
-3c3
In base 3, what is -1121002 - 10?
-1121012
In base 11, what is -1617 + -1?
-1618
In base 12, what is 8 - -7a6?
7b2
In base 5, what is 3 - -13?
21
In base 8, what is 25 + -46?
-21
In base 4, what is 2212 - 120?
2032
In base 2, what is -10010 - -111100?
101010
In base 7, what is -31 - -4?
-24
In base 3, what is 12220 - -11?
20001
In base 12, what is 1b6 - -37?
231
In base 16, what is -4 - 31?
-35
In base 6, what is 15 - 312?
-253
In base 6, what is -2 - 4511?
-4513
In base 12, what is 252b + -3?
2528
In base 5, what is -1323 + -114?
-1442
In base 7, what is -203 - 100?
-303
In base 16, what is -15 + -62?
-77
In base 2, what is -1011011 - -10100?
-1000111
In base 3, what is -222201 - 102?
-1000010
In base 2, what is 100 - -10000?
10100
In base 12, what is -1 - 1?
-2
In base 2, what is -110 + 1000111?
1000001
In base 10, what is -2 + -48?
-50
In base 9, what is -2 - 5?
-7
In base 15, what is 4ddd + 2?
4de0
In base 15, what is -4 + -14?
-18
In base 7, what is -1 - 30?
-31
In base 9, what is -3 - -107?
104
In base 2, what is -10 - -111001?
110111
In base 6, what is 13130 + -14?
13112
In base 4, what is -1 + 1010?
1003
In base 5, what is -11430 - 1?
-11431
In base 10, what is -5 + -2249?
-2254
In base 12, what is 6 + 272?
278
In base 8, what is 111 - -3?
114
In base 12, what is 3 + -45?
-42
In base 15, what is 3 - -381?
384
In base 7, what is -4 + 2556?
2552
In base 6, what is 5132 + -13?
5115
In base 11, what is a0 - 1?
9a
In base 8, what is -4 - 17?
-23
In base 15, what is -5b3 + -6?
-5b9
In base 12, what is 1 - -55?
56
In base 4, what is 11302 + 10?
11312
In base 3, what is -1211201210 - 11?
-1211201221
In base 4, what is -2 + 101020?
101012
In base 4, what is 13 - 10?
3
In base 14, what is 11 - 1d?
-c
In base 15, what is 0 + -2c?
-2c
In base 9, what is 1 - 733?
-732
In base 8, what is 76 - 106?
-10
In base 11, what is -1 - -9?
8
In base 14, what is 2 + 10?
12
In base 8, what is 205 + 67?
274
In base 4, what is -3111200 - -2?
-3111132
In base 8, what is 2 + 2703?
2705
In base 4, what is 11302 - 22?
11220
In base 5, what is 1 + -302?
-301
In base 15, what is 5 - -252?
257
In base 6, what is 3 - 3002?
-2555
In base 9, what is -122 + 6?
-115
In base 8, what is 3 - -4?
7
In base 13, what is 1 + 147?
148
In base 15, what is -b - -195?
189
In base 14, what is 77 + 4?
7b
In base 13, what is -4 + 6?
2
In base 11, what is 669 - -2?
670
In base 11, what is -5 + -81?
-86
In base 15, what is 1dcc - -2?
1dce
In base 9, what is 1 - 4?
-3
In base 13, what is -5 - 1758?
-1760
In base 13, what is 844 - -4?
848
In base 14, what is -7 + -16?
-1d
In base 16, what is b - 28?
-1d
In base 9, what is 12 + 15?
27
In base 9, what is -65 + 13?
-52
In base 7, what is 5 + 4654?
4662
In base 4, what is -10 - 10101?
-10111
In base 6, what is 1531 + -2?
1525
In base 5, what is -3 - 20111?
-20114
In base 2, what is 11000001000 - 100?
11000000100
In base 8, what is 3 - -2421?
2424
In base 8, what is 1 + -1113?
-1112
In base 6, what is -4542 + 11?
-4531
In base 5, what is 22 - -30?
102
In base 9, what is 55 - 81?
-25
In base 11, what is 10 + -5?
6
In base 4, what is -1 - 2?
-3
In base 3, what is -2022 + 1022?
-1000
In base 14, what is -b4 - -c8?
14
In base 11, what is -a546 + 0?
-a546
In base 10, what is -4 + -4?
-8
In base 10, what is 4951 - 2?
4949
In base 10, what is 1005 - 4?
1001
In base 4, what is -2102 + -3?
-2111
In base 14, what is -c99 + -5?
-ca0
In base 6, what is 5 - 34?
-25
In base 8, what is -4 + -101?
-105
In base 6, what is 1 - -30022?
30023
In base 2, what is 110 - -111100110?
111101100
In base 10, what is 802 + 0?
802
In base 8, what